{"id":400,"date":"2019-09-12T12:16:03","date_gmt":"2019-09-12T10:16:03","guid":{"rendered":"http:\/\/kark.de\/wordpress\/?page_id=400"},"modified":"2021-10-04T18:34:36","modified_gmt":"2021-10-04T16:34:36","slug":"tecnologia-de-fabricacion","status":"publish","type":"page","link":"https:\/\/www.kark.de\/cms\/es\/equipos-ingenieria\/tecnologia-de-fabricacion\/","title":{"rendered":"Tecnolog\u00eda de fabricaci\u00f3n"},"content":{"rendered":"<p>Nosotros disponemos de recursos para solucionar problemas complejos de manera r\u00e1pida y racional con la m\u00e1s moderna tecnolog\u00eda disponible. Por ejemplo, empleando centros de fresado de 6 ejes con mando CNC y taladradoras con capacidad para recibir piezas de hasta 5 toneladas. Empleando tornos con distancia entre puntas de 3500 mm y mando CNC. Empleando fresadoras universales y las m\u00e1s modernas instalaciones de soldar.<\/p>\n<p>La ejecuci\u00f3n de tareas excepcionales exige un alto poder de movilizaci\u00f3n. Y nosotros estamos preparados para eso. Con empleados altamente calificados y motivados que saben como<br \/>\nsolucionar casos de urgencia y hasta de emergencia. Incluso a la noche o a los domingos. Para que sea posible cumplirse plazos de entrega \u201cimposibles\u201d. La fabricaci\u00f3n de una pieza suelta, no importa si es simple o compleja, se encaja perfectamente en nuestra producci\u00f3n de la misma manera que una peque\u00f1a serie de piezas. Si hay otros proveedores que participan de la misma pieza, nos armonizamos cuidadosamente con ellos \u2013 por ejemplo, en el caso de tratamientos t\u00e9rmicos de aceros o en la mejora de superficies.<\/p>\n<p>Nosotros queremos que nuestros clientes se queden satisfechos. Por eso les damos asistencia t\u00e9cnica o los aconsejamos, aunque despu\u00e9s de la conclusi\u00f3n del pedido. Independientemente si se trata de ajustes posteriores o de temas relacionados a la ampliaci\u00f3n o cambio de instalaciones existentes. Adem\u00e1s, ofrecemos inspecciones, mantenimientos y ense\u00f1anza a nuestros clientes.<\/p>\n","protected":false},"excerpt":{"rendered":"<p>Nosotros disponemos de recursos para solucionar problemas complejos de manera r\u00e1pida y racional con la m\u00e1s moderna tecnolog\u00eda disponible. Por ejemplo, empleando centros de fresado de 6 ejes con mando CNC y taladradoras con capacidad para recibir piezas de hasta 5 toneladas. Empleando tornos con distancia entre puntas de 3500 mm y mando CNC. Empleando [&hellip;]<\/p>\n","protected":false},"author":1,"featured_media":0,"parent":54,"menu_order":6,"comment_status":"closed","ping_status":"closed","template":"","meta":{"_acf_changed":false,"site-sidebar-layout":"default","site-content-layout":"default","ast-site-content-layout":"","site-content-style":"default","site-sidebar-style":"default","ast-global-header-display":"","ast-banner-title-visibility":"","ast-main-header-display":"","ast-hfb-above-header-display":"","ast-hfb-below-header-display":"","ast-hfb-mobile-header-display":"","site-post-title":"","ast-breadcrumbs-content":"","ast-featured-img":"","footer-sml-layout":"","theme-transparent-header-meta":"default","adv-header-id-meta":"","stick-header-meta":"","header-above-stick-meta":"","header-main-stick-meta":"","header-below-stick-meta":"","astra-migrate-meta-layouts":"default","ast-page-background-enabled":"default","ast-page-background-meta":{"desktop":{"background-color":"","background-image":"","background-repeat":"repeat","background-position":"center center","background-size":"auto","background-attachment":"scroll","background-type":"","background-media":"","overlay-type":"","overlay-color":"","overlay-gradient":""},"tablet":{"background-color":"","background-image":"","background-repeat":"repeat","background-position":"center center","background-size":"auto","background-attachment":"scroll","background-type":"","background-media":"","overlay-type":"","overlay-color":"","overlay-gradient":""},"mobile":{"background-color":"","background-image":"","background-repeat":"repeat","background-position":"center center","background-size":"auto","background-attachment":"scroll","background-type":"","background-media":"","overlay-type":"","overlay-color":"","overlay-gradient":""}},"ast-content-background-meta":{"desktop":{"background-color":"var(--ast-global-color-5)","background-image":"","background-repeat":"repeat","background-position":"center center","background-size":"auto","background-attachment":"scroll","background-type":"","background-media":"","overlay-type":"","overlay-color":"","overlay-gradient":""},"tablet":{"background-color":"var(--ast-global-color-5)","background-image":"","background-repeat":"repeat","background-position":"center center","background-size":"auto","background-attachment":"scroll","background-type":"","background-media":"","overlay-type":"","overlay-color":"","overlay-gradient":""},"mobile":{"background-color":"var(--ast-global-color-5)","background-image":"","background-repeat":"repeat","background-position":"center center","background-size":"auto","background-attachment":"scroll","background-type":"","background-media":"","overlay-type":"","overlay-color":"","overlay-gradient":""}},"footnotes":""},"class_list":["post-400","page","type-page","status-publish","hentry"],"acf":[],"yoast_head":"<!-- This site is optimized with the Yoast SEO plugin v27.5 - https:\/\/yoast.com\/product\/yoast-seo-wordpress\/ -->\n<title>Tecnolog\u00eda de fabricaci\u00f3n - Kark GmbH<\/title>\n<meta name=\"robots\" content=\"index, follow, max-snippet:-1, max-image-preview:large, max-video-preview:-1\" \/>\n<link rel=\"canonical\" href=\"https:\/\/www.kark.de\/cms\/es\/equipos-ingenieria\/tecnologia-de-fabricacion\/\" \/>\n<meta property=\"og:locale\" content=\"de_DE\" \/>\n<meta property=\"og:type\" content=\"article\" \/>\n<meta property=\"og:title\" content=\"Tecnolog\u00eda de fabricaci\u00f3n - Kark GmbH\" \/>\n<meta property=\"og:description\" content=\"Nosotros disponemos de recursos para solucionar problemas complejos de manera r\u00e1pida y racional con la m\u00e1s moderna tecnolog\u00eda disponible. Por ejemplo, empleando centros de fresado de 6 ejes con mando CNC y taladradoras con capacidad para recibir piezas de hasta 5 toneladas. Empleando tornos con distancia entre puntas de 3500 mm y mando CNC. Empleando [&hellip;]\" \/>\n<meta property=\"og:url\" content=\"https:\/\/www.kark.de\/cms\/es\/equipos-ingenieria\/tecnologia-de-fabricacion\/\" \/>\n<meta property=\"og:site_name\" content=\"Kark GmbH\" \/>\n<meta property=\"article:modified_time\" content=\"2021-10-04T16:34:36+00:00\" \/>\n<meta name=\"twitter:card\" content=\"summary_large_image\" \/>\n<meta name=\"twitter:label1\" content=\"Gesch\u00e4tzte Lesezeit\" \/>\n\t<meta name=\"twitter:data1\" content=\"1\u00a0Minute\" \/>\n<script type=\"application\/ld+json\" class=\"yoast-schema-graph\">{\"@context\":\"https:\\\/\\\/schema.org\",\"@graph\":[{\"@type\":\"WebPage\",\"@id\":\"https:\\\/\\\/www.kark.de\\\/cms\\\/es\\\/equipos-ingenieria\\\/tecnologia-de-fabricacion\\\/\",\"url\":\"https:\\\/\\\/www.kark.de\\\/cms\\\/es\\\/equipos-ingenieria\\\/tecnologia-de-fabricacion\\\/\",\"name\":\"Tecnolog\u00eda de fabricaci\u00f3n - Kark GmbH\",\"isPartOf\":{\"@id\":\"https:\\\/\\\/www.kark.de\\\/cms\\\/#website\"},\"datePublished\":\"2019-09-12T10:16:03+00:00\",\"dateModified\":\"2021-10-04T16:34:36+00:00\",\"breadcrumb\":{\"@id\":\"https:\\\/\\\/www.kark.de\\\/cms\\\/es\\\/equipos-ingenieria\\\/tecnologia-de-fabricacion\\\/#breadcrumb\"},\"inLanguage\":\"de\",\"potentialAction\":[{\"@type\":\"ReadAction\",\"target\":[\"https:\\\/\\\/www.kark.de\\\/cms\\\/es\\\/equipos-ingenieria\\\/tecnologia-de-fabricacion\\\/\"]}]},{\"@type\":\"BreadcrumbList\",\"@id\":\"https:\\\/\\\/www.kark.de\\\/cms\\\/es\\\/equipos-ingenieria\\\/tecnologia-de-fabricacion\\\/#breadcrumb\",\"itemListElement\":[{\"@type\":\"ListItem\",\"position\":1,\"name\":\"Startseite\",\"item\":\"https:\\\/\\\/www.kark.de\\\/cms\\\/\"},{\"@type\":\"ListItem\",\"position\":2,\"name\":\"Equipos &#038; Ingenieria\",\"item\":\"https:\\\/\\\/www.kark.de\\\/cms\\\/es\\\/equipos-ingenieria\\\/\"},{\"@type\":\"ListItem\",\"position\":3,\"name\":\"Tecnolog\u00eda de fabricaci\u00f3n\"}]},{\"@type\":\"WebSite\",\"@id\":\"https:\\\/\\\/www.kark.de\\\/cms\\\/#website\",\"url\":\"https:\\\/\\\/www.kark.de\\\/cms\\\/\",\"name\":\"Kark GmbH\",\"description\":\"Eine Website der Kark GmbH\",\"potentialAction\":[{\"@type\":\"SearchAction\",\"target\":{\"@type\":\"EntryPoint\",\"urlTemplate\":\"https:\\\/\\\/www.kark.de\\\/cms\\\/?s={search_term_string}\"},\"query-input\":{\"@type\":\"PropertyValueSpecification\",\"valueRequired\":true,\"valueName\":\"search_term_string\"}}],\"inLanguage\":\"de\"}]}<\/script>\n<!-- \/ Yoast SEO plugin. -->","yoast_head_json":{"title":"Tecnolog\u00eda de fabricaci\u00f3n - Kark GmbH","robots":{"index":"index","follow":"follow","max-snippet":"max-snippet:-1","max-image-preview":"max-image-preview:large","max-video-preview":"max-video-preview:-1"},"canonical":"https:\/\/www.kark.de\/cms\/es\/equipos-ingenieria\/tecnologia-de-fabricacion\/","og_locale":"de_DE","og_type":"article","og_title":"Tecnolog\u00eda de fabricaci\u00f3n - Kark GmbH","og_description":"Nosotros disponemos de recursos para solucionar problemas complejos de manera r\u00e1pida y racional con la m\u00e1s moderna tecnolog\u00eda disponible. Por ejemplo, empleando centros de fresado de 6 ejes con mando CNC y taladradoras con capacidad para recibir piezas de hasta 5 toneladas. Empleando tornos con distancia entre puntas de 3500 mm y mando CNC. Empleando [&hellip;]","og_url":"https:\/\/www.kark.de\/cms\/es\/equipos-ingenieria\/tecnologia-de-fabricacion\/","og_site_name":"Kark GmbH","article_modified_time":"2021-10-04T16:34:36+00:00","twitter_card":"summary_large_image","twitter_misc":{"Gesch\u00e4tzte Lesezeit":"1\u00a0Minute"},"schema":{"@context":"https:\/\/schema.org","@graph":[{"@type":"WebPage","@id":"https:\/\/www.kark.de\/cms\/es\/equipos-ingenieria\/tecnologia-de-fabricacion\/","url":"https:\/\/www.kark.de\/cms\/es\/equipos-ingenieria\/tecnologia-de-fabricacion\/","name":"Tecnolog\u00eda de fabricaci\u00f3n - Kark GmbH","isPartOf":{"@id":"https:\/\/www.kark.de\/cms\/#website"},"datePublished":"2019-09-12T10:16:03+00:00","dateModified":"2021-10-04T16:34:36+00:00","breadcrumb":{"@id":"https:\/\/www.kark.de\/cms\/es\/equipos-ingenieria\/tecnologia-de-fabricacion\/#breadcrumb"},"inLanguage":"de","potentialAction":[{"@type":"ReadAction","target":["https:\/\/www.kark.de\/cms\/es\/equipos-ingenieria\/tecnologia-de-fabricacion\/"]}]},{"@type":"BreadcrumbList","@id":"https:\/\/www.kark.de\/cms\/es\/equipos-ingenieria\/tecnologia-de-fabricacion\/#breadcrumb","itemListElement":[{"@type":"ListItem","position":1,"name":"Startseite","item":"https:\/\/www.kark.de\/cms\/"},{"@type":"ListItem","position":2,"name":"Equipos &#038; Ingenieria","item":"https:\/\/www.kark.de\/cms\/es\/equipos-ingenieria\/"},{"@type":"ListItem","position":3,"name":"Tecnolog\u00eda de fabricaci\u00f3n"}]},{"@type":"WebSite","@id":"https:\/\/www.kark.de\/cms\/#website","url":"https:\/\/www.kark.de\/cms\/","name":"Kark GmbH","description":"Eine Website der Kark GmbH","potentialAction":[{"@type":"SearchAction","target":{"@type":"EntryPoint","urlTemplate":"https:\/\/www.kark.de\/cms\/?s={search_term_string}"},"query-input":{"@type":"PropertyValueSpecification","valueRequired":true,"valueName":"search_term_string"}}],"inLanguage":"de"}]}},"_links":{"self":[{"href":"https:\/\/www.kark.de\/cms\/wp-json\/wp\/v2\/pages\/400","targetHints":{"allow":["GET"]}}],"collection":[{"href":"https:\/\/www.kark.de\/cms\/wp-json\/wp\/v2\/pages"}],"about":[{"href":"https:\/\/www.kark.de\/cms\/wp-json\/wp\/v2\/types\/page"}],"author":[{"embeddable":true,"href":"https:\/\/www.kark.de\/cms\/wp-json\/wp\/v2\/users\/1"}],"replies":[{"embeddable":true,"href":"https:\/\/www.kark.de\/cms\/wp-json\/wp\/v2\/comments?post=400"}],"version-history":[{"count":3,"href":"https:\/\/www.kark.de\/cms\/wp-json\/wp\/v2\/pages\/400\/revisions"}],"predecessor-version":[{"id":1991,"href":"https:\/\/www.kark.de\/cms\/wp-json\/wp\/v2\/pages\/400\/revisions\/1991"}],"up":[{"embeddable":true,"href":"https:\/\/www.kark.de\/cms\/wp-json\/wp\/v2\/pages\/54"}],"wp:attachment":[{"href":"https:\/\/www.kark.de\/cms\/wp-json\/wp\/v2\/media?parent=400"}],"curies":[{"name":"wp","href":"https:\/\/api.w.org\/{rel}","templated":true}]}}