{"id":387,"date":"2019-09-12T12:11:15","date_gmt":"2019-09-12T10:11:15","guid":{"rendered":"http:\/\/kark.de\/wordpress\/?page_id=387"},"modified":"2021-12-14T14:30:37","modified_gmt":"2021-12-14T13:30:37","slug":"kafix-cbn","status":"publish","type":"page","link":"https:\/\/www.kark.de\/cms\/pt\/roll-mill-technology-3\/kafix-cbn\/","title":{"rendered":"KAFIX CBN"},"content":{"rendered":"<ul>\n<li>excepcional resist\u00eancia ao desgaste<\/li>\n<li>alta estabilidade t\u00e9rmica durante a usinagem<\/li>\n<li>pastilhas resistentes, extremamente duras, totalmente em CBN<\/li>\n<li>custos reduzidos de usinagem e menos trocas de ferramentas<\/li>\n<li>expressiva redu\u00e7\u00e3o de custos em compara\u00e7\u00e3o com pastilhas de metal duro ou de cer\u00e2mica<\/li>\n<\/ul>\n<p><a href=\"\/cms\/wp-content\/uploads\/Kark-CBN-Tools-1.pdf\" target=\"_blank\" rel=\"noopener\">Download Flyer<\/a><\/p>\n","protected":false},"excerpt":{"rendered":"<p>excepcional resist\u00eancia ao desgaste alta estabilidade t\u00e9rmica durante a usinagem pastilhas resistentes, extremamente duras, totalmente em CBN custos reduzidos de usinagem e menos trocas de ferramentas expressiva redu\u00e7\u00e3o de custos em compara\u00e7\u00e3o com pastilhas de metal duro ou de cer\u00e2mica Download Flyer<\/p>\n","protected":false},"author":1,"featured_media":0,"parent":2027,"menu_order":3,"comment_status":"closed","ping_status":"closed","template":"","meta":{"_acf_changed":false,"site-sidebar-layout":"default","site-content-layout":"default","ast-site-content-layout":"","site-content-style":"default","site-sidebar-style":"default","ast-global-header-display":"","ast-banner-title-visibility":"","ast-main-header-display":"","ast-hfb-above-header-display":"","ast-hfb-below-header-display":"","ast-hfb-mobile-header-display":"","site-post-title":"","ast-breadcrumbs-content":"","ast-featured-img":"","footer-sml-layout":"","theme-transparent-header-meta":"default","adv-header-id-meta":"","stick-header-meta":"","header-above-stick-meta":"","header-main-stick-meta":"","header-below-stick-meta":"","astra-migrate-meta-layouts":"default","ast-page-background-enabled":"default","ast-page-background-meta":{"desktop":{"background-color":"","background-image":"","background-repeat":"repeat","background-position":"center center","background-size":"auto","background-attachment":"scroll","background-type":"","background-media":"","overlay-type":"","overlay-color":"","overlay-gradient":""},"tablet":{"background-color":"","background-image":"","background-repeat":"repeat","background-position":"center center","background-size":"auto","background-attachment":"scroll","background-type":"","background-media":"","overlay-type":"","overlay-color":"","overlay-gradient":""},"mobile":{"background-color":"","background-image":"","background-repeat":"repeat","background-position":"center center","background-size":"auto","background-attachment":"scroll","background-type":"","background-media":"","overlay-type":"","overlay-color":"","overlay-gradient":""}},"ast-content-background-meta":{"desktop":{"background-color":"var(--ast-global-color-5)","background-image":"","background-repeat":"repeat","background-position":"center center","background-size":"auto","background-attachment":"scroll","background-type":"","background-media":"","overlay-type":"","overlay-color":"","overlay-gradient":""},"tablet":{"background-color":"var(--ast-global-color-5)","background-image":"","background-repeat":"repeat","background-position":"center center","background-size":"auto","background-attachment":"scroll","background-type":"","background-media":"","overlay-type":"","overlay-color":"","overlay-gradient":""},"mobile":{"background-color":"var(--ast-global-color-5)","background-image":"","background-repeat":"repeat","background-position":"center center","background-size":"auto","background-attachment":"scroll","background-type":"","background-media":"","overlay-type":"","overlay-color":"","overlay-gradient":""}},"footnotes":""},"class_list":["post-387","page","type-page","status-publish","hentry"],"acf":[],"yoast_head":"<!-- This site is optimized with the Yoast SEO plugin v27.5 - https:\/\/yoast.com\/product\/yoast-seo-wordpress\/ -->\n<title>KAFIX CBN - Kark GmbH<\/title>\n<meta name=\"robots\" content=\"index, follow, max-snippet:-1, max-image-preview:large, max-video-preview:-1\" \/>\n<link rel=\"canonical\" href=\"https:\/\/www.kark.de\/cms\/pt\/roll-mill-technology-3\/kafix-cbn\/\" \/>\n<meta property=\"og:locale\" content=\"de_DE\" \/>\n<meta property=\"og:type\" content=\"article\" \/>\n<meta property=\"og:title\" content=\"KAFIX CBN - Kark GmbH\" \/>\n<meta property=\"og:description\" content=\"excepcional resist\u00eancia ao desgaste alta estabilidade t\u00e9rmica durante a usinagem pastilhas resistentes, extremamente duras, totalmente em CBN custos reduzidos de usinagem e menos trocas de ferramentas expressiva redu\u00e7\u00e3o de custos em compara\u00e7\u00e3o com pastilhas de metal duro ou de cer\u00e2mica Download Flyer\" \/>\n<meta property=\"og:url\" content=\"https:\/\/www.kark.de\/cms\/pt\/roll-mill-technology-3\/kafix-cbn\/\" \/>\n<meta property=\"og:site_name\" content=\"Kark GmbH\" \/>\n<meta property=\"article:modified_time\" content=\"2021-12-14T13:30:37+00:00\" \/>\n<meta name=\"twitter:card\" content=\"summary_large_image\" \/>\n<script type=\"application\/ld+json\" class=\"yoast-schema-graph\">{\"@context\":\"https:\\\/\\\/schema.org\",\"@graph\":[{\"@type\":\"WebPage\",\"@id\":\"https:\\\/\\\/www.kark.de\\\/cms\\\/pt\\\/roll-mill-technology-3\\\/kafix-cbn\\\/\",\"url\":\"https:\\\/\\\/www.kark.de\\\/cms\\\/pt\\\/roll-mill-technology-3\\\/kafix-cbn\\\/\",\"name\":\"KAFIX CBN - Kark GmbH\",\"isPartOf\":{\"@id\":\"https:\\\/\\\/www.kark.de\\\/cms\\\/#website\"},\"datePublished\":\"2019-09-12T10:11:15+00:00\",\"dateModified\":\"2021-12-14T13:30:37+00:00\",\"breadcrumb\":{\"@id\":\"https:\\\/\\\/www.kark.de\\\/cms\\\/pt\\\/roll-mill-technology-3\\\/kafix-cbn\\\/#breadcrumb\"},\"inLanguage\":\"de\",\"potentialAction\":[{\"@type\":\"ReadAction\",\"target\":[\"https:\\\/\\\/www.kark.de\\\/cms\\\/pt\\\/roll-mill-technology-3\\\/kafix-cbn\\\/\"]}]},{\"@type\":\"BreadcrumbList\",\"@id\":\"https:\\\/\\\/www.kark.de\\\/cms\\\/pt\\\/roll-mill-technology-3\\\/kafix-cbn\\\/#breadcrumb\",\"itemListElement\":[{\"@type\":\"ListItem\",\"position\":1,\"name\":\"Startseite\",\"item\":\"https:\\\/\\\/www.kark.de\\\/cms\\\/\"},{\"@type\":\"ListItem\",\"position\":2,\"name\":\"Roll Mill Technology\",\"item\":\"https:\\\/\\\/www.kark.de\\\/cms\\\/pt\\\/roll-mill-technology-3\\\/\"},{\"@type\":\"ListItem\",\"position\":3,\"name\":\"KAFIX CBN\"}]},{\"@type\":\"WebSite\",\"@id\":\"https:\\\/\\\/www.kark.de\\\/cms\\\/#website\",\"url\":\"https:\\\/\\\/www.kark.de\\\/cms\\\/\",\"name\":\"Kark GmbH\",\"description\":\"Eine Website der Kark GmbH\",\"potentialAction\":[{\"@type\":\"SearchAction\",\"target\":{\"@type\":\"EntryPoint\",\"urlTemplate\":\"https:\\\/\\\/www.kark.de\\\/cms\\\/?s={search_term_string}\"},\"query-input\":{\"@type\":\"PropertyValueSpecification\",\"valueRequired\":true,\"valueName\":\"search_term_string\"}}],\"inLanguage\":\"de\"}]}<\/script>\n<!-- \/ Yoast SEO plugin. -->","yoast_head_json":{"title":"KAFIX CBN - Kark GmbH","robots":{"index":"index","follow":"follow","max-snippet":"max-snippet:-1","max-image-preview":"max-image-preview:large","max-video-preview":"max-video-preview:-1"},"canonical":"https:\/\/www.kark.de\/cms\/pt\/roll-mill-technology-3\/kafix-cbn\/","og_locale":"de_DE","og_type":"article","og_title":"KAFIX CBN - Kark GmbH","og_description":"excepcional resist\u00eancia ao desgaste alta estabilidade t\u00e9rmica durante a usinagem pastilhas resistentes, extremamente duras, totalmente em CBN custos reduzidos de usinagem e menos trocas de ferramentas expressiva redu\u00e7\u00e3o de custos em compara\u00e7\u00e3o com pastilhas de metal duro ou de cer\u00e2mica Download Flyer","og_url":"https:\/\/www.kark.de\/cms\/pt\/roll-mill-technology-3\/kafix-cbn\/","og_site_name":"Kark GmbH","article_modified_time":"2021-12-14T13:30:37+00:00","twitter_card":"summary_large_image","schema":{"@context":"https:\/\/schema.org","@graph":[{"@type":"WebPage","@id":"https:\/\/www.kark.de\/cms\/pt\/roll-mill-technology-3\/kafix-cbn\/","url":"https:\/\/www.kark.de\/cms\/pt\/roll-mill-technology-3\/kafix-cbn\/","name":"KAFIX CBN - Kark GmbH","isPartOf":{"@id":"https:\/\/www.kark.de\/cms\/#website"},"datePublished":"2019-09-12T10:11:15+00:00","dateModified":"2021-12-14T13:30:37+00:00","breadcrumb":{"@id":"https:\/\/www.kark.de\/cms\/pt\/roll-mill-technology-3\/kafix-cbn\/#breadcrumb"},"inLanguage":"de","potentialAction":[{"@type":"ReadAction","target":["https:\/\/www.kark.de\/cms\/pt\/roll-mill-technology-3\/kafix-cbn\/"]}]},{"@type":"BreadcrumbList","@id":"https:\/\/www.kark.de\/cms\/pt\/roll-mill-technology-3\/kafix-cbn\/#breadcrumb","itemListElement":[{"@type":"ListItem","position":1,"name":"Startseite","item":"https:\/\/www.kark.de\/cms\/"},{"@type":"ListItem","position":2,"name":"Roll Mill Technology","item":"https:\/\/www.kark.de\/cms\/pt\/roll-mill-technology-3\/"},{"@type":"ListItem","position":3,"name":"KAFIX CBN"}]},{"@type":"WebSite","@id":"https:\/\/www.kark.de\/cms\/#website","url":"https:\/\/www.kark.de\/cms\/","name":"Kark GmbH","description":"Eine Website der Kark GmbH","potentialAction":[{"@type":"SearchAction","target":{"@type":"EntryPoint","urlTemplate":"https:\/\/www.kark.de\/cms\/?s={search_term_string}"},"query-input":{"@type":"PropertyValueSpecification","valueRequired":true,"valueName":"search_term_string"}}],"inLanguage":"de"}]}},"_links":{"self":[{"href":"https:\/\/www.kark.de\/cms\/wp-json\/wp\/v2\/pages\/387","targetHints":{"allow":["GET"]}}],"collection":[{"href":"https:\/\/www.kark.de\/cms\/wp-json\/wp\/v2\/pages"}],"about":[{"href":"https:\/\/www.kark.de\/cms\/wp-json\/wp\/v2\/types\/page"}],"author":[{"embeddable":true,"href":"https:\/\/www.kark.de\/cms\/wp-json\/wp\/v2\/users\/1"}],"replies":[{"embeddable":true,"href":"https:\/\/www.kark.de\/cms\/wp-json\/wp\/v2\/comments?post=387"}],"version-history":[{"count":4,"href":"https:\/\/www.kark.de\/cms\/wp-json\/wp\/v2\/pages\/387\/revisions"}],"predecessor-version":[{"id":2427,"href":"https:\/\/www.kark.de\/cms\/wp-json\/wp\/v2\/pages\/387\/revisions\/2427"}],"up":[{"embeddable":true,"href":"https:\/\/www.kark.de\/cms\/wp-json\/wp\/v2\/pages\/2027"}],"wp:attachment":[{"href":"https:\/\/www.kark.de\/cms\/wp-json\/wp\/v2\/media?parent=387"}],"curies":[{"name":"wp","href":"https:\/\/api.w.org\/{rel}","templated":true}]}}