{"id":378,"date":"2019-09-12T12:08:22","date_gmt":"2019-09-12T10:08:22","guid":{"rendered":"http:\/\/kark.de\/wordpress\/?page_id=378"},"modified":"2021-12-14T14:34:18","modified_gmt":"2021-12-14T13:34:18","slug":"kafix-pm","status":"publish","type":"page","link":"https:\/\/www.kark.de\/cms\/pt\/roll-mill-technology-3\/kafix-pm\/","title":{"rendered":"KAFIX PM"},"content":{"rendered":"<ul>\n<li>an\u00e9is de lamina\u00e7\u00e3o em PM de alto desempenho para lamina\u00e7\u00e3o a quente<\/li>\n<li>especialmente apropriados no caso de baixas velocidades de lamina\u00e7\u00e3o<\/li>\n<li>diversas qualidades padr\u00e3o, aplic\u00e1veis em quase todos os casos<\/li>\n<li>excepcional qualidade superficial do material laminado<\/li>\n<li>tecnologia de ponta de um fabricante experiente<\/li>\n<li>f\u00e1cil usinagem<\/li>\n<li>disponibilidade de servi\u00e7os de usinagem e de treinamento do cliente<\/li>\n<\/ul>\n<p><a href=\"\/cms\/wp-content\/uploads\/KARK-PM-Rings-Powder-Metallurgical-Roll-Rings-1.pdf\" target=\"_blank\" rel=\"noopener\">Download Flyer<\/a><\/p>\n","protected":false},"excerpt":{"rendered":"<p>an\u00e9is de lamina\u00e7\u00e3o em PM de alto desempenho para lamina\u00e7\u00e3o a quente especialmente apropriados no caso de baixas velocidades de lamina\u00e7\u00e3o diversas qualidades padr\u00e3o, aplic\u00e1veis em quase todos os casos excepcional qualidade superficial do material laminado tecnologia de ponta de um fabricante experiente f\u00e1cil usinagem disponibilidade de servi\u00e7os de usinagem e de treinamento do cliente [&hellip;]<\/p>\n","protected":false},"author":1,"featured_media":0,"parent":2027,"menu_order":4,"comment_status":"closed","ping_status":"closed","template":"","meta":{"_acf_changed":false,"site-sidebar-layout":"default","site-content-layout":"default","ast-site-content-layout":"","site-content-style":"default","site-sidebar-style":"default","ast-global-header-display":"","ast-banner-title-visibility":"","ast-main-header-display":"","ast-hfb-above-header-display":"","ast-hfb-below-header-display":"","ast-hfb-mobile-header-display":"","site-post-title":"","ast-breadcrumbs-content":"","ast-featured-img":"","footer-sml-layout":"","theme-transparent-header-meta":"default","adv-header-id-meta":"","stick-header-meta":"","header-above-stick-meta":"","header-main-stick-meta":"","header-below-stick-meta":"","astra-migrate-meta-layouts":"default","ast-page-background-enabled":"default","ast-page-background-meta":{"desktop":{"background-color":"","background-image":"","background-repeat":"repeat","background-position":"center center","background-size":"auto","background-attachment":"scroll","background-type":"","background-media":"","overlay-type":"","overlay-color":"","overlay-gradient":""},"tablet":{"background-color":"","background-image":"","background-repeat":"repeat","background-position":"center center","background-size":"auto","background-attachment":"scroll","background-type":"","background-media":"","overlay-type":"","overlay-color":"","overlay-gradient":""},"mobile":{"background-color":"","background-image":"","background-repeat":"repeat","background-position":"center center","background-size":"auto","background-attachment":"scroll","background-type":"","background-media":"","overlay-type":"","overlay-color":"","overlay-gradient":""}},"ast-content-background-meta":{"desktop":{"background-color":"var(--ast-global-color-5)","background-image":"","background-repeat":"repeat","background-position":"center center","background-size":"auto","background-attachment":"scroll","background-type":"","background-media":"","overlay-type":"","overlay-color":"","overlay-gradient":""},"tablet":{"background-color":"var(--ast-global-color-5)","background-image":"","background-repeat":"repeat","background-position":"center center","background-size":"auto","background-attachment":"scroll","background-type":"","background-media":"","overlay-type":"","overlay-color":"","overlay-gradient":""},"mobile":{"background-color":"var(--ast-global-color-5)","background-image":"","background-repeat":"repeat","background-position":"center center","background-size":"auto","background-attachment":"scroll","background-type":"","background-media":"","overlay-type":"","overlay-color":"","overlay-gradient":""}},"footnotes":""},"class_list":["post-378","page","type-page","status-publish","hentry"],"acf":[],"yoast_head":"<!-- This site is optimized with the Yoast SEO plugin v27.5 - https:\/\/yoast.com\/product\/yoast-seo-wordpress\/ -->\n<title>KAFIX PM - Kark GmbH<\/title>\n<meta name=\"robots\" content=\"index, follow, max-snippet:-1, max-image-preview:large, max-video-preview:-1\" \/>\n<link rel=\"canonical\" href=\"https:\/\/www.kark.de\/cms\/pt\/roll-mill-technology-3\/kafix-pm\/\" \/>\n<meta property=\"og:locale\" content=\"de_DE\" \/>\n<meta property=\"og:type\" content=\"article\" \/>\n<meta property=\"og:title\" content=\"KAFIX PM - Kark GmbH\" \/>\n<meta property=\"og:description\" content=\"an\u00e9is de lamina\u00e7\u00e3o em PM de alto desempenho para lamina\u00e7\u00e3o a quente especialmente apropriados no caso de baixas velocidades de lamina\u00e7\u00e3o diversas qualidades padr\u00e3o, aplic\u00e1veis em quase todos os casos excepcional qualidade superficial do material laminado tecnologia de ponta de um fabricante experiente f\u00e1cil usinagem disponibilidade de servi\u00e7os de usinagem e de treinamento do cliente [&hellip;]\" \/>\n<meta property=\"og:url\" content=\"https:\/\/www.kark.de\/cms\/pt\/roll-mill-technology-3\/kafix-pm\/\" \/>\n<meta property=\"og:site_name\" content=\"Kark GmbH\" \/>\n<meta property=\"article:modified_time\" content=\"2021-12-14T13:34:18+00:00\" \/>\n<meta name=\"twitter:card\" content=\"summary_large_image\" \/>\n<script type=\"application\/ld+json\" class=\"yoast-schema-graph\">{\"@context\":\"https:\\\/\\\/schema.org\",\"@graph\":[{\"@type\":\"WebPage\",\"@id\":\"https:\\\/\\\/www.kark.de\\\/cms\\\/pt\\\/roll-mill-technology-3\\\/kafix-pm\\\/\",\"url\":\"https:\\\/\\\/www.kark.de\\\/cms\\\/pt\\\/roll-mill-technology-3\\\/kafix-pm\\\/\",\"name\":\"KAFIX PM - Kark GmbH\",\"isPartOf\":{\"@id\":\"https:\\\/\\\/www.kark.de\\\/cms\\\/#website\"},\"datePublished\":\"2019-09-12T10:08:22+00:00\",\"dateModified\":\"2021-12-14T13:34:18+00:00\",\"breadcrumb\":{\"@id\":\"https:\\\/\\\/www.kark.de\\\/cms\\\/pt\\\/roll-mill-technology-3\\\/kafix-pm\\\/#breadcrumb\"},\"inLanguage\":\"de\",\"potentialAction\":[{\"@type\":\"ReadAction\",\"target\":[\"https:\\\/\\\/www.kark.de\\\/cms\\\/pt\\\/roll-mill-technology-3\\\/kafix-pm\\\/\"]}]},{\"@type\":\"BreadcrumbList\",\"@id\":\"https:\\\/\\\/www.kark.de\\\/cms\\\/pt\\\/roll-mill-technology-3\\\/kafix-pm\\\/#breadcrumb\",\"itemListElement\":[{\"@type\":\"ListItem\",\"position\":1,\"name\":\"Startseite\",\"item\":\"https:\\\/\\\/www.kark.de\\\/cms\\\/\"},{\"@type\":\"ListItem\",\"position\":2,\"name\":\"Roll Mill Technology\",\"item\":\"https:\\\/\\\/www.kark.de\\\/cms\\\/pt\\\/roll-mill-technology-3\\\/\"},{\"@type\":\"ListItem\",\"position\":3,\"name\":\"KAFIX PM\"}]},{\"@type\":\"WebSite\",\"@id\":\"https:\\\/\\\/www.kark.de\\\/cms\\\/#website\",\"url\":\"https:\\\/\\\/www.kark.de\\\/cms\\\/\",\"name\":\"Kark GmbH\",\"description\":\"Eine Website der Kark GmbH\",\"potentialAction\":[{\"@type\":\"SearchAction\",\"target\":{\"@type\":\"EntryPoint\",\"urlTemplate\":\"https:\\\/\\\/www.kark.de\\\/cms\\\/?s={search_term_string}\"},\"query-input\":{\"@type\":\"PropertyValueSpecification\",\"valueRequired\":true,\"valueName\":\"search_term_string\"}}],\"inLanguage\":\"de\"}]}<\/script>\n<!-- \/ Yoast SEO plugin. -->","yoast_head_json":{"title":"KAFIX PM - Kark GmbH","robots":{"index":"index","follow":"follow","max-snippet":"max-snippet:-1","max-image-preview":"max-image-preview:large","max-video-preview":"max-video-preview:-1"},"canonical":"https:\/\/www.kark.de\/cms\/pt\/roll-mill-technology-3\/kafix-pm\/","og_locale":"de_DE","og_type":"article","og_title":"KAFIX PM - Kark GmbH","og_description":"an\u00e9is de lamina\u00e7\u00e3o em PM de alto desempenho para lamina\u00e7\u00e3o a quente especialmente apropriados no caso de baixas velocidades de lamina\u00e7\u00e3o diversas qualidades padr\u00e3o, aplic\u00e1veis em quase todos os casos excepcional qualidade superficial do material laminado tecnologia de ponta de um fabricante experiente f\u00e1cil usinagem disponibilidade de servi\u00e7os de usinagem e de treinamento do cliente [&hellip;]","og_url":"https:\/\/www.kark.de\/cms\/pt\/roll-mill-technology-3\/kafix-pm\/","og_site_name":"Kark GmbH","article_modified_time":"2021-12-14T13:34:18+00:00","twitter_card":"summary_large_image","schema":{"@context":"https:\/\/schema.org","@graph":[{"@type":"WebPage","@id":"https:\/\/www.kark.de\/cms\/pt\/roll-mill-technology-3\/kafix-pm\/","url":"https:\/\/www.kark.de\/cms\/pt\/roll-mill-technology-3\/kafix-pm\/","name":"KAFIX PM - Kark GmbH","isPartOf":{"@id":"https:\/\/www.kark.de\/cms\/#website"},"datePublished":"2019-09-12T10:08:22+00:00","dateModified":"2021-12-14T13:34:18+00:00","breadcrumb":{"@id":"https:\/\/www.kark.de\/cms\/pt\/roll-mill-technology-3\/kafix-pm\/#breadcrumb"},"inLanguage":"de","potentialAction":[{"@type":"ReadAction","target":["https:\/\/www.kark.de\/cms\/pt\/roll-mill-technology-3\/kafix-pm\/"]}]},{"@type":"BreadcrumbList","@id":"https:\/\/www.kark.de\/cms\/pt\/roll-mill-technology-3\/kafix-pm\/#breadcrumb","itemListElement":[{"@type":"ListItem","position":1,"name":"Startseite","item":"https:\/\/www.kark.de\/cms\/"},{"@type":"ListItem","position":2,"name":"Roll Mill Technology","item":"https:\/\/www.kark.de\/cms\/pt\/roll-mill-technology-3\/"},{"@type":"ListItem","position":3,"name":"KAFIX PM"}]},{"@type":"WebSite","@id":"https:\/\/www.kark.de\/cms\/#website","url":"https:\/\/www.kark.de\/cms\/","name":"Kark GmbH","description":"Eine Website der Kark GmbH","potentialAction":[{"@type":"SearchAction","target":{"@type":"EntryPoint","urlTemplate":"https:\/\/www.kark.de\/cms\/?s={search_term_string}"},"query-input":{"@type":"PropertyValueSpecification","valueRequired":true,"valueName":"search_term_string"}}],"inLanguage":"de"}]}},"_links":{"self":[{"href":"https:\/\/www.kark.de\/cms\/wp-json\/wp\/v2\/pages\/378","targetHints":{"allow":["GET"]}}],"collection":[{"href":"https:\/\/www.kark.de\/cms\/wp-json\/wp\/v2\/pages"}],"about":[{"href":"https:\/\/www.kark.de\/cms\/wp-json\/wp\/v2\/types\/page"}],"author":[{"embeddable":true,"href":"https:\/\/www.kark.de\/cms\/wp-json\/wp\/v2\/users\/1"}],"replies":[{"embeddable":true,"href":"https:\/\/www.kark.de\/cms\/wp-json\/wp\/v2\/comments?post=378"}],"version-history":[{"count":3,"href":"https:\/\/www.kark.de\/cms\/wp-json\/wp\/v2\/pages\/378\/revisions"}],"predecessor-version":[{"id":2438,"href":"https:\/\/www.kark.de\/cms\/wp-json\/wp\/v2\/pages\/378\/revisions\/2438"}],"up":[{"embeddable":true,"href":"https:\/\/www.kark.de\/cms\/wp-json\/wp\/v2\/pages\/2027"}],"wp:attachment":[{"href":"https:\/\/www.kark.de\/cms\/wp-json\/wp\/v2\/media?parent=378"}],"curies":[{"name":"wp","href":"https:\/\/api.w.org\/{rel}","templated":true}]}}