{"id":365,"date":"2019-09-12T11:59:05","date_gmt":"2019-09-12T09:59:05","guid":{"rendered":"http:\/\/kark.de\/wordpress\/?page_id=365"},"modified":"2021-10-05T11:21:18","modified_gmt":"2021-10-05T09:21:18","slug":"kafix-cool","status":"publish","type":"page","link":"https:\/\/www.kark.de\/cms\/pt\/roll-mill-technology-3\/kafix-cool\/","title":{"rendered":"KAFIX COOL"},"content":{"rendered":"<ul>\n<li>significativa melhoria da vida \u00fatil dos canais, tamb\u00e9m no caso de cilindros fundidos<\/li>\n<li>projeto individual, ajustado \u00e0 gaiola de lamina\u00e7\u00e3o<\/li>\n<li>todos os componentes principais confeccionados em a\u00e7o inox<\/li>\n<li>manuseio e ajuste simples<\/li>\n<li>posicionamento r\u00e1pido e seguro no caso de lamina\u00e7\u00e3o em v\u00e1rios veios<\/li>\n<li>posicionamento preciso para o resfriamento do cilindro inferior<\/li>\n<li>tecnologia de ponta da KARK<\/li>\n<\/ul>\n","protected":false},"excerpt":{"rendered":"<p>significativa melhoria da vida \u00fatil dos canais, tamb\u00e9m no caso de cilindros fundidos projeto individual, ajustado \u00e0 gaiola de lamina\u00e7\u00e3o todos os componentes principais confeccionados em a\u00e7o inox manuseio e ajuste simples posicionamento r\u00e1pido e seguro no caso de lamina\u00e7\u00e3o em v\u00e1rios veios posicionamento preciso para o resfriamento do cilindro inferior tecnologia de ponta da [&hellip;]<\/p>\n","protected":false},"author":1,"featured_media":0,"parent":2027,"menu_order":6,"comment_status":"closed","ping_status":"closed","template":"","meta":{"_acf_changed":false,"site-sidebar-layout":"default","site-content-layout":"default","ast-site-content-layout":"","site-content-style":"default","site-sidebar-style":"default","ast-global-header-display":"","ast-banner-title-visibility":"","ast-main-header-display":"","ast-hfb-above-header-display":"","ast-hfb-below-header-display":"","ast-hfb-mobile-header-display":"","site-post-title":"","ast-breadcrumbs-content":"","ast-featured-img":"","footer-sml-layout":"","theme-transparent-header-meta":"default","adv-header-id-meta":"","stick-header-meta":"","header-above-stick-meta":"","header-main-stick-meta":"","header-below-stick-meta":"","astra-migrate-meta-layouts":"default","ast-page-background-enabled":"default","ast-page-background-meta":{"desktop":{"background-color":"","background-image":"","background-repeat":"repeat","background-position":"center center","background-size":"auto","background-attachment":"scroll","background-type":"","background-media":"","overlay-type":"","overlay-color":"","overlay-gradient":""},"tablet":{"background-color":"","background-image":"","background-repeat":"repeat","background-position":"center center","background-size":"auto","background-attachment":"scroll","background-type":"","background-media":"","overlay-type":"","overlay-color":"","overlay-gradient":""},"mobile":{"background-color":"","background-image":"","background-repeat":"repeat","background-position":"center center","background-size":"auto","background-attachment":"scroll","background-type":"","background-media":"","overlay-type":"","overlay-color":"","overlay-gradient":""}},"ast-content-background-meta":{"desktop":{"background-color":"var(--ast-global-color-5)","background-image":"","background-repeat":"repeat","background-position":"center center","background-size":"auto","background-attachment":"scroll","background-type":"","background-media":"","overlay-type":"","overlay-color":"","overlay-gradient":""},"tablet":{"background-color":"var(--ast-global-color-5)","background-image":"","background-repeat":"repeat","background-position":"center center","background-size":"auto","background-attachment":"scroll","background-type":"","background-media":"","overlay-type":"","overlay-color":"","overlay-gradient":""},"mobile":{"background-color":"var(--ast-global-color-5)","background-image":"","background-repeat":"repeat","background-position":"center center","background-size":"auto","background-attachment":"scroll","background-type":"","background-media":"","overlay-type":"","overlay-color":"","overlay-gradient":""}},"footnotes":""},"class_list":["post-365","page","type-page","status-publish","hentry"],"acf":[],"yoast_head":"<!-- This site is optimized with the Yoast SEO plugin v27.5 - https:\/\/yoast.com\/product\/yoast-seo-wordpress\/ -->\n<title>KAFIX COOL - Kark GmbH<\/title>\n<meta name=\"robots\" content=\"index, follow, max-snippet:-1, max-image-preview:large, max-video-preview:-1\" \/>\n<link rel=\"canonical\" href=\"https:\/\/www.kark.de\/cms\/pt\/roll-mill-technology-3\/kafix-cool\/\" \/>\n<meta property=\"og:locale\" content=\"de_DE\" \/>\n<meta property=\"og:type\" content=\"article\" \/>\n<meta property=\"og:title\" content=\"KAFIX COOL - Kark GmbH\" \/>\n<meta property=\"og:description\" content=\"significativa melhoria da vida \u00fatil dos canais, tamb\u00e9m no caso de cilindros fundidos projeto individual, ajustado \u00e0 gaiola de lamina\u00e7\u00e3o todos os componentes principais confeccionados em a\u00e7o inox manuseio e ajuste simples posicionamento r\u00e1pido e seguro no caso de lamina\u00e7\u00e3o em v\u00e1rios veios posicionamento preciso para o resfriamento do cilindro inferior tecnologia de ponta da [&hellip;]\" \/>\n<meta property=\"og:url\" content=\"https:\/\/www.kark.de\/cms\/pt\/roll-mill-technology-3\/kafix-cool\/\" \/>\n<meta property=\"og:site_name\" content=\"Kark GmbH\" \/>\n<meta property=\"article:modified_time\" content=\"2021-10-05T09:21:18+00:00\" \/>\n<meta name=\"twitter:card\" content=\"summary_large_image\" \/>\n<script type=\"application\/ld+json\" class=\"yoast-schema-graph\">{\"@context\":\"https:\\\/\\\/schema.org\",\"@graph\":[{\"@type\":\"WebPage\",\"@id\":\"https:\\\/\\\/www.kark.de\\\/cms\\\/pt\\\/roll-mill-technology-3\\\/kafix-cool\\\/\",\"url\":\"https:\\\/\\\/www.kark.de\\\/cms\\\/pt\\\/roll-mill-technology-3\\\/kafix-cool\\\/\",\"name\":\"KAFIX COOL - Kark GmbH\",\"isPartOf\":{\"@id\":\"https:\\\/\\\/www.kark.de\\\/cms\\\/#website\"},\"datePublished\":\"2019-09-12T09:59:05+00:00\",\"dateModified\":\"2021-10-05T09:21:18+00:00\",\"breadcrumb\":{\"@id\":\"https:\\\/\\\/www.kark.de\\\/cms\\\/pt\\\/roll-mill-technology-3\\\/kafix-cool\\\/#breadcrumb\"},\"inLanguage\":\"de\",\"potentialAction\":[{\"@type\":\"ReadAction\",\"target\":[\"https:\\\/\\\/www.kark.de\\\/cms\\\/pt\\\/roll-mill-technology-3\\\/kafix-cool\\\/\"]}]},{\"@type\":\"BreadcrumbList\",\"@id\":\"https:\\\/\\\/www.kark.de\\\/cms\\\/pt\\\/roll-mill-technology-3\\\/kafix-cool\\\/#breadcrumb\",\"itemListElement\":[{\"@type\":\"ListItem\",\"position\":1,\"name\":\"Startseite\",\"item\":\"https:\\\/\\\/www.kark.de\\\/cms\\\/\"},{\"@type\":\"ListItem\",\"position\":2,\"name\":\"Roll Mill Technology\",\"item\":\"https:\\\/\\\/www.kark.de\\\/cms\\\/pt\\\/roll-mill-technology-3\\\/\"},{\"@type\":\"ListItem\",\"position\":3,\"name\":\"KAFIX COOL\"}]},{\"@type\":\"WebSite\",\"@id\":\"https:\\\/\\\/www.kark.de\\\/cms\\\/#website\",\"url\":\"https:\\\/\\\/www.kark.de\\\/cms\\\/\",\"name\":\"Kark GmbH\",\"description\":\"Eine Website der Kark GmbH\",\"potentialAction\":[{\"@type\":\"SearchAction\",\"target\":{\"@type\":\"EntryPoint\",\"urlTemplate\":\"https:\\\/\\\/www.kark.de\\\/cms\\\/?s={search_term_string}\"},\"query-input\":{\"@type\":\"PropertyValueSpecification\",\"valueRequired\":true,\"valueName\":\"search_term_string\"}}],\"inLanguage\":\"de\"}]}<\/script>\n<!-- \/ Yoast SEO plugin. -->","yoast_head_json":{"title":"KAFIX COOL - Kark GmbH","robots":{"index":"index","follow":"follow","max-snippet":"max-snippet:-1","max-image-preview":"max-image-preview:large","max-video-preview":"max-video-preview:-1"},"canonical":"https:\/\/www.kark.de\/cms\/pt\/roll-mill-technology-3\/kafix-cool\/","og_locale":"de_DE","og_type":"article","og_title":"KAFIX COOL - Kark GmbH","og_description":"significativa melhoria da vida \u00fatil dos canais, tamb\u00e9m no caso de cilindros fundidos projeto individual, ajustado \u00e0 gaiola de lamina\u00e7\u00e3o todos os componentes principais confeccionados em a\u00e7o inox manuseio e ajuste simples posicionamento r\u00e1pido e seguro no caso de lamina\u00e7\u00e3o em v\u00e1rios veios posicionamento preciso para o resfriamento do cilindro inferior tecnologia de ponta da [&hellip;]","og_url":"https:\/\/www.kark.de\/cms\/pt\/roll-mill-technology-3\/kafix-cool\/","og_site_name":"Kark GmbH","article_modified_time":"2021-10-05T09:21:18+00:00","twitter_card":"summary_large_image","schema":{"@context":"https:\/\/schema.org","@graph":[{"@type":"WebPage","@id":"https:\/\/www.kark.de\/cms\/pt\/roll-mill-technology-3\/kafix-cool\/","url":"https:\/\/www.kark.de\/cms\/pt\/roll-mill-technology-3\/kafix-cool\/","name":"KAFIX COOL - Kark GmbH","isPartOf":{"@id":"https:\/\/www.kark.de\/cms\/#website"},"datePublished":"2019-09-12T09:59:05+00:00","dateModified":"2021-10-05T09:21:18+00:00","breadcrumb":{"@id":"https:\/\/www.kark.de\/cms\/pt\/roll-mill-technology-3\/kafix-cool\/#breadcrumb"},"inLanguage":"de","potentialAction":[{"@type":"ReadAction","target":["https:\/\/www.kark.de\/cms\/pt\/roll-mill-technology-3\/kafix-cool\/"]}]},{"@type":"BreadcrumbList","@id":"https:\/\/www.kark.de\/cms\/pt\/roll-mill-technology-3\/kafix-cool\/#breadcrumb","itemListElement":[{"@type":"ListItem","position":1,"name":"Startseite","item":"https:\/\/www.kark.de\/cms\/"},{"@type":"ListItem","position":2,"name":"Roll Mill Technology","item":"https:\/\/www.kark.de\/cms\/pt\/roll-mill-technology-3\/"},{"@type":"ListItem","position":3,"name":"KAFIX COOL"}]},{"@type":"WebSite","@id":"https:\/\/www.kark.de\/cms\/#website","url":"https:\/\/www.kark.de\/cms\/","name":"Kark GmbH","description":"Eine Website der Kark GmbH","potentialAction":[{"@type":"SearchAction","target":{"@type":"EntryPoint","urlTemplate":"https:\/\/www.kark.de\/cms\/?s={search_term_string}"},"query-input":{"@type":"PropertyValueSpecification","valueRequired":true,"valueName":"search_term_string"}}],"inLanguage":"de"}]}},"_links":{"self":[{"href":"https:\/\/www.kark.de\/cms\/wp-json\/wp\/v2\/pages\/365","targetHints":{"allow":["GET"]}}],"collection":[{"href":"https:\/\/www.kark.de\/cms\/wp-json\/wp\/v2\/pages"}],"about":[{"href":"https:\/\/www.kark.de\/cms\/wp-json\/wp\/v2\/types\/page"}],"author":[{"embeddable":true,"href":"https:\/\/www.kark.de\/cms\/wp-json\/wp\/v2\/users\/1"}],"replies":[{"embeddable":true,"href":"https:\/\/www.kark.de\/cms\/wp-json\/wp\/v2\/comments?post=365"}],"version-history":[{"count":1,"href":"https:\/\/www.kark.de\/cms\/wp-json\/wp\/v2\/pages\/365\/revisions"}],"predecessor-version":[{"id":366,"href":"https:\/\/www.kark.de\/cms\/wp-json\/wp\/v2\/pages\/365\/revisions\/366"}],"up":[{"embeddable":true,"href":"https:\/\/www.kark.de\/cms\/wp-json\/wp\/v2\/pages\/2027"}],"wp:attachment":[{"href":"https:\/\/www.kark.de\/cms\/wp-json\/wp\/v2\/media?parent=365"}],"curies":[{"name":"wp","href":"https:\/\/api.w.org\/{rel}","templated":true}]}}