{"id":346,"date":"2019-09-12T11:50:53","date_gmt":"2019-09-12T09:50:53","guid":{"rendered":"http:\/\/kark.de\/wordpress\/?page_id=346"},"modified":"2021-12-14T14:33:00","modified_gmt":"2021-12-14T13:33:00","slug":"kafix-ecs","status":"publish","type":"page","link":"https:\/\/www.kark.de\/cms\/es\/tecnologia-siderurgica\/kafix-ecs\/","title":{"rendered":"KAFIX ECS o sistema de enfriamiento del electrodo"},"content":{"rendered":"<p>KARK ECS o sistema de enfriamiento del electrodo mediante la pulverizaci\u00f3n de agua, est\u00e1 especialmente dise\u00f1ado para evitar la obstrucci\u00f3n de las boquillas de salida del agua y para aumentar el rendimiento de enfriamiento sin consumir m\u00e1s l\u00edquido. El sistema est\u00e1 completamente fabricado en acero inoxidable. Adem\u00e1s, su dise\u00f1o modular permite un f\u00e1cil montaje, desmontaje y mantenimiento. Las unidades KARK ECS est\u00e1n dise\u00f1adas para una larga vida \u00fatil.<\/p>\n<ul>\n<li>sistema reci\u00e9n desarrollado por KARK para el enfriamiento de los electrodos en forma de aerosol<\/li>\n<li>aumento del efecto de enfriamiento<\/li>\n<li>aislamiento respecto al soporte del electrodo, eliminando el riesgo de descargas el\u00e9ctricas<\/li>\n<li>manipulaci\u00f3n y montaje sencillos<\/li>\n<li>carcasa enfriada con agua, protegiendo el soporte del electrodo contra calor radiante<\/li>\n<li>puede instalarse en cualquier tipo de brazo portaelectrodos<\/li>\n<li>tecnolog\u00eda punta de KARK<\/li>\n<\/ul>\n<p><a href=\"\/cms\/wp-content\/uploads\/KARK-ECS-Electrode-Cooling-System-1.pdf\" target=\"_blank\" rel=\"noopener\">Download Flyer<\/a><\/p>\n","protected":false},"excerpt":{"rendered":"<p>KARK ECS o sistema de enfriamiento del electrodo mediante la pulverizaci\u00f3n de agua, est\u00e1 especialmente dise\u00f1ado para evitar la obstrucci\u00f3n de las boquillas de salida del agua y para aumentar el rendimiento de enfriamiento sin consumir m\u00e1s l\u00edquido. El sistema est\u00e1 completamente fabricado en acero inoxidable. Adem\u00e1s, su dise\u00f1o modular permite un f\u00e1cil montaje, desmontaje [&hellip;]<\/p>\n","protected":false},"author":1,"featured_media":0,"parent":78,"menu_order":9,"comment_status":"closed","ping_status":"closed","template":"","meta":{"_acf_changed":false,"site-sidebar-layout":"default","site-content-layout":"default","ast-site-content-layout":"","site-content-style":"default","site-sidebar-style":"default","ast-global-header-display":"","ast-banner-title-visibility":"","ast-main-header-display":"","ast-hfb-above-header-display":"","ast-hfb-below-header-display":"","ast-hfb-mobile-header-display":"","site-post-title":"","ast-breadcrumbs-content":"","ast-featured-img":"","footer-sml-layout":"","theme-transparent-header-meta":"default","adv-header-id-meta":"","stick-header-meta":"","header-above-stick-meta":"","header-main-stick-meta":"","header-below-stick-meta":"","astra-migrate-meta-layouts":"default","ast-page-background-enabled":"default","ast-page-background-meta":{"desktop":{"background-color":"","background-image":"","background-repeat":"repeat","background-position":"center center","background-size":"auto","background-attachment":"scroll","background-type":"","background-media":"","overlay-type":"","overlay-color":"","overlay-gradient":""},"tablet":{"background-color":"","background-image":"","background-repeat":"repeat","background-position":"center center","background-size":"auto","background-attachment":"scroll","background-type":"","background-media":"","overlay-type":"","overlay-color":"","overlay-gradient":""},"mobile":{"background-color":"","background-image":"","background-repeat":"repeat","background-position":"center center","background-size":"auto","background-attachment":"scroll","background-type":"","background-media":"","overlay-type":"","overlay-color":"","overlay-gradient":""}},"ast-content-background-meta":{"desktop":{"background-color":"var(--ast-global-color-5)","background-image":"","background-repeat":"repeat","background-position":"center center","background-size":"auto","background-attachment":"scroll","background-type":"","background-media":"","overlay-type":"","overlay-color":"","overlay-gradient":""},"tablet":{"background-color":"var(--ast-global-color-5)","background-image":"","background-repeat":"repeat","background-position":"center center","background-size":"auto","background-attachment":"scroll","background-type":"","background-media":"","overlay-type":"","overlay-color":"","overlay-gradient":""},"mobile":{"background-color":"var(--ast-global-color-5)","background-image":"","background-repeat":"repeat","background-position":"center center","background-size":"auto","background-attachment":"scroll","background-type":"","background-media":"","overlay-type":"","overlay-color":"","overlay-gradient":""}},"footnotes":""},"class_list":["post-346","page","type-page","status-publish","hentry"],"acf":[],"yoast_head":"<!-- This site is optimized with the Yoast SEO plugin v27.5 - https:\/\/yoast.com\/product\/yoast-seo-wordpress\/ -->\n<title>KAFIX ECS o sistema de enfriamiento del electrodo - Kark GmbH<\/title>\n<meta name=\"robots\" content=\"index, follow, max-snippet:-1, max-image-preview:large, max-video-preview:-1\" \/>\n<link rel=\"canonical\" href=\"https:\/\/www.kark.de\/cms\/es\/tecnologia-siderurgica\/kafix-ecs\/\" \/>\n<meta property=\"og:locale\" content=\"de_DE\" \/>\n<meta property=\"og:type\" content=\"article\" \/>\n<meta property=\"og:title\" content=\"KAFIX ECS o sistema de enfriamiento del electrodo - Kark GmbH\" \/>\n<meta property=\"og:description\" content=\"KARK ECS o sistema de enfriamiento del electrodo mediante la pulverizaci\u00f3n de agua, est\u00e1 especialmente dise\u00f1ado para evitar la obstrucci\u00f3n de las boquillas de salida del agua y para aumentar el rendimiento de enfriamiento sin consumir m\u00e1s l\u00edquido. El sistema est\u00e1 completamente fabricado en acero inoxidable. Adem\u00e1s, su dise\u00f1o modular permite un f\u00e1cil montaje, desmontaje [&hellip;]\" \/>\n<meta property=\"og:url\" content=\"https:\/\/www.kark.de\/cms\/es\/tecnologia-siderurgica\/kafix-ecs\/\" \/>\n<meta property=\"og:site_name\" content=\"Kark GmbH\" \/>\n<meta property=\"article:modified_time\" content=\"2021-12-14T13:33:00+00:00\" \/>\n<meta name=\"twitter:card\" content=\"summary_large_image\" \/>\n<meta name=\"twitter:label1\" content=\"Gesch\u00e4tzte Lesezeit\" \/>\n\t<meta name=\"twitter:data1\" content=\"1\u00a0Minute\" \/>\n<script type=\"application\/ld+json\" class=\"yoast-schema-graph\">{\"@context\":\"https:\\\/\\\/schema.org\",\"@graph\":[{\"@type\":\"WebPage\",\"@id\":\"https:\\\/\\\/www.kark.de\\\/cms\\\/es\\\/tecnologia-siderurgica\\\/kafix-ecs\\\/\",\"url\":\"https:\\\/\\\/www.kark.de\\\/cms\\\/es\\\/tecnologia-siderurgica\\\/kafix-ecs\\\/\",\"name\":\"KAFIX ECS o sistema de enfriamiento del electrodo - Kark GmbH\",\"isPartOf\":{\"@id\":\"https:\\\/\\\/www.kark.de\\\/cms\\\/#website\"},\"datePublished\":\"2019-09-12T09:50:53+00:00\",\"dateModified\":\"2021-12-14T13:33:00+00:00\",\"breadcrumb\":{\"@id\":\"https:\\\/\\\/www.kark.de\\\/cms\\\/es\\\/tecnologia-siderurgica\\\/kafix-ecs\\\/#breadcrumb\"},\"inLanguage\":\"de\",\"potentialAction\":[{\"@type\":\"ReadAction\",\"target\":[\"https:\\\/\\\/www.kark.de\\\/cms\\\/es\\\/tecnologia-siderurgica\\\/kafix-ecs\\\/\"]}]},{\"@type\":\"BreadcrumbList\",\"@id\":\"https:\\\/\\\/www.kark.de\\\/cms\\\/es\\\/tecnologia-siderurgica\\\/kafix-ecs\\\/#breadcrumb\",\"itemListElement\":[{\"@type\":\"ListItem\",\"position\":1,\"name\":\"Startseite\",\"item\":\"https:\\\/\\\/www.kark.de\\\/cms\\\/\"},{\"@type\":\"ListItem\",\"position\":2,\"name\":\"Tecnolog\u00eda Sider\u00fargica\",\"item\":\"https:\\\/\\\/www.kark.de\\\/cms\\\/es\\\/tecnologia-siderurgica\\\/\"},{\"@type\":\"ListItem\",\"position\":3,\"name\":\"KAFIX ECS o sistema de enfriamiento del electrodo\"}]},{\"@type\":\"WebSite\",\"@id\":\"https:\\\/\\\/www.kark.de\\\/cms\\\/#website\",\"url\":\"https:\\\/\\\/www.kark.de\\\/cms\\\/\",\"name\":\"Kark GmbH\",\"description\":\"Eine Website der Kark GmbH\",\"potentialAction\":[{\"@type\":\"SearchAction\",\"target\":{\"@type\":\"EntryPoint\",\"urlTemplate\":\"https:\\\/\\\/www.kark.de\\\/cms\\\/?s={search_term_string}\"},\"query-input\":{\"@type\":\"PropertyValueSpecification\",\"valueRequired\":true,\"valueName\":\"search_term_string\"}}],\"inLanguage\":\"de\"}]}<\/script>\n<!-- \/ Yoast SEO plugin. -->","yoast_head_json":{"title":"KAFIX ECS o sistema de enfriamiento del electrodo - Kark GmbH","robots":{"index":"index","follow":"follow","max-snippet":"max-snippet:-1","max-image-preview":"max-image-preview:large","max-video-preview":"max-video-preview:-1"},"canonical":"https:\/\/www.kark.de\/cms\/es\/tecnologia-siderurgica\/kafix-ecs\/","og_locale":"de_DE","og_type":"article","og_title":"KAFIX ECS o sistema de enfriamiento del electrodo - Kark GmbH","og_description":"KARK ECS o sistema de enfriamiento del electrodo mediante la pulverizaci\u00f3n de agua, est\u00e1 especialmente dise\u00f1ado para evitar la obstrucci\u00f3n de las boquillas de salida del agua y para aumentar el rendimiento de enfriamiento sin consumir m\u00e1s l\u00edquido. El sistema est\u00e1 completamente fabricado en acero inoxidable. Adem\u00e1s, su dise\u00f1o modular permite un f\u00e1cil montaje, desmontaje [&hellip;]","og_url":"https:\/\/www.kark.de\/cms\/es\/tecnologia-siderurgica\/kafix-ecs\/","og_site_name":"Kark GmbH","article_modified_time":"2021-12-14T13:33:00+00:00","twitter_card":"summary_large_image","twitter_misc":{"Gesch\u00e4tzte Lesezeit":"1\u00a0Minute"},"schema":{"@context":"https:\/\/schema.org","@graph":[{"@type":"WebPage","@id":"https:\/\/www.kark.de\/cms\/es\/tecnologia-siderurgica\/kafix-ecs\/","url":"https:\/\/www.kark.de\/cms\/es\/tecnologia-siderurgica\/kafix-ecs\/","name":"KAFIX ECS o sistema de enfriamiento del electrodo - Kark GmbH","isPartOf":{"@id":"https:\/\/www.kark.de\/cms\/#website"},"datePublished":"2019-09-12T09:50:53+00:00","dateModified":"2021-12-14T13:33:00+00:00","breadcrumb":{"@id":"https:\/\/www.kark.de\/cms\/es\/tecnologia-siderurgica\/kafix-ecs\/#breadcrumb"},"inLanguage":"de","potentialAction":[{"@type":"ReadAction","target":["https:\/\/www.kark.de\/cms\/es\/tecnologia-siderurgica\/kafix-ecs\/"]}]},{"@type":"BreadcrumbList","@id":"https:\/\/www.kark.de\/cms\/es\/tecnologia-siderurgica\/kafix-ecs\/#breadcrumb","itemListElement":[{"@type":"ListItem","position":1,"name":"Startseite","item":"https:\/\/www.kark.de\/cms\/"},{"@type":"ListItem","position":2,"name":"Tecnolog\u00eda Sider\u00fargica","item":"https:\/\/www.kark.de\/cms\/es\/tecnologia-siderurgica\/"},{"@type":"ListItem","position":3,"name":"KAFIX ECS o sistema de enfriamiento del electrodo"}]},{"@type":"WebSite","@id":"https:\/\/www.kark.de\/cms\/#website","url":"https:\/\/www.kark.de\/cms\/","name":"Kark GmbH","description":"Eine Website der Kark GmbH","potentialAction":[{"@type":"SearchAction","target":{"@type":"EntryPoint","urlTemplate":"https:\/\/www.kark.de\/cms\/?s={search_term_string}"},"query-input":{"@type":"PropertyValueSpecification","valueRequired":true,"valueName":"search_term_string"}}],"inLanguage":"de"}]}},"_links":{"self":[{"href":"https:\/\/www.kark.de\/cms\/wp-json\/wp\/v2\/pages\/346","targetHints":{"allow":["GET"]}}],"collection":[{"href":"https:\/\/www.kark.de\/cms\/wp-json\/wp\/v2\/pages"}],"about":[{"href":"https:\/\/www.kark.de\/cms\/wp-json\/wp\/v2\/types\/page"}],"author":[{"embeddable":true,"href":"https:\/\/www.kark.de\/cms\/wp-json\/wp\/v2\/users\/1"}],"replies":[{"embeddable":true,"href":"https:\/\/www.kark.de\/cms\/wp-json\/wp\/v2\/comments?post=346"}],"version-history":[{"count":5,"href":"https:\/\/www.kark.de\/cms\/wp-json\/wp\/v2\/pages\/346\/revisions"}],"predecessor-version":[{"id":2433,"href":"https:\/\/www.kark.de\/cms\/wp-json\/wp\/v2\/pages\/346\/revisions\/2433"}],"up":[{"embeddable":true,"href":"https:\/\/www.kark.de\/cms\/wp-json\/wp\/v2\/pages\/78"}],"wp:attachment":[{"href":"https:\/\/www.kark.de\/cms\/wp-json\/wp\/v2\/media?parent=346"}],"curies":[{"name":"wp","href":"https:\/\/api.w.org\/{rel}","templated":true}]}}