{"id":1310,"date":"2020-12-10T17:11:51","date_gmt":"2020-12-10T16:11:51","guid":{"rendered":"https:\/\/kark.de\/cms\/?page_id=1310"},"modified":"2021-10-05T11:20:12","modified_gmt":"2021-10-05T09:20:12","slug":"hybrid-cast-carbide-hcc","status":"publish","type":"page","link":"https:\/\/www.kark.de\/cms\/pt\/roll-mill-technology-3\/hybrid-cast-carbide-hcc\/","title":{"rendered":"HYBRID CAST CARBIDE (HCC)"},"content":{"rendered":"\t\t<div data-elementor-type=\"wp-page\" data-elementor-id=\"1310\" class=\"elementor elementor-1310\" data-elementor-post-type=\"page\">\n\t\t\t\t\t\t<section class=\"elementor-section elementor-top-section elementor-element elementor-element-7a6c0933 elementor-section-boxed elementor-section-height-default elementor-section-height-default\" data-id=\"7a6c0933\" data-element_type=\"section\" data-e-type=\"section\">\n\t\t\t\t\t\t<div class=\"elementor-container elementor-column-gap-default\">\n\t\t\t\t\t<div class=\"elementor-column elementor-col-100 elementor-top-column elementor-element elementor-element-7e2af74d\" data-id=\"7e2af74d\" data-element_type=\"column\" data-e-type=\"column\">\n\t\t\t<div class=\"elementor-widget-wrap elementor-element-populated\">\n\t\t\t\t\t\t<div class=\"elementor-element elementor-element-44935290 elementor-widget elementor-widget-text-editor\" data-id=\"44935290\" data-element_type=\"widget\" data-e-type=\"widget\" data-widget_type=\"text-editor.default\">\n\t\t\t\t<div class=\"elementor-widget-container\">\n\t\t\t\t\t\t\t\t\t<p><strong>H<\/strong>ybrid <strong>C<\/strong>ast<strong> C<\/strong>arbide combina a alta resist\u00eancia ao desgaste de um anel de carboneto de tungst\u00eanio com a dureza de um corpo de a\u00e7o fundido ao seu redor. Adequado para os estandes Duo e Cantilever.<\/p><ul><li>An\u00e9is de carboneto de tungst\u00eanio est\u00e3o dispon\u00edveis com diferentes conte\u00fados e composi\u00e7\u00f5es de ligantes, como por exemplo:<ul><li>30% Co or CoNiCr<\/li><li>25% Co or CoNiCr<\/li><li>Mais dispon\u00edveis<\/li><\/ul><\/li><\/ul><h2>HCC Roll<\/h2><ul><li>Sem sistema de travamento<\/li><li>Alt\u00edssimos torques e for\u00e7as<\/li><li>Comprimento de barril mais utiliz\u00e1vel<\/li><li>Diferentes ligantes e composi\u00e7\u00f5es dispon\u00edveis<\/li><\/ul><h2>HCC RS<\/h2><ul><li>Altos torques<\/li><li>Reutiliz\u00e1vel<\/li><li>Diferentes ligantes e composi\u00e7\u00f5es dispon\u00edveis<\/li><\/ul><h2>HCC Ring<\/h2><ul><li>Para suportes cantilever<\/li><li>Substitui\u00e7\u00e3o dos an\u00e9is compostos existentes<\/li><li>V\u00e1rias formatos dispon\u00edveis<\/li><li>Diferentes ligantes e composi\u00e7\u00f5es dispon\u00edveis<\/li><\/ul>\t\t\t\t\t\t\t\t<\/div>\n\t\t\t\t<\/div>\n\t\t\t\t<div class=\"elementor-element elementor-element-7d255ee elementor-align-center elementor-widget elementor-widget-button\" data-id=\"7d255ee\" data-element_type=\"widget\" data-e-type=\"widget\" data-widget_type=\"button.default\">\n\t\t\t\t<div class=\"elementor-widget-container\">\n\t\t\t\t\t\t\t\t\t<div class=\"elementor-button-wrapper\">\n\t\t\t\t\t<a class=\"elementor-button elementor-button-link elementor-size-sm\" href=\"https:\/\/kark.de\/cms\/wp-content\/uploads\/Kark-HCC-PT-.pdf\" target=\"_blank\">\n\t\t\t\t\t\t<span class=\"elementor-button-content-wrapper\">\n\t\t\t\t\t\t\t\t\t<span class=\"elementor-button-text\">Download Flyer (PDF)<\/span>\n\t\t\t\t\t<\/span>\n\t\t\t\t\t<\/a>\n\t\t\t\t<\/div>\n\t\t\t\t\t\t\t\t<\/div>\n\t\t\t\t<\/div>\n\t\t\t\t\t<\/div>\n\t\t<\/div>\n\t\t\t\t\t<\/div>\n\t\t<\/section>\n\t\t\t\t<\/div>\n\t\t","protected":false},"excerpt":{"rendered":"<p>Hybrid Cast Carbide combina a alta resist\u00eancia ao desgaste de um anel de carboneto de tungst\u00eanio com a dureza de um corpo de a\u00e7o fundido ao seu redor. Adequado para os estandes Duo e Cantilever. An\u00e9is de carboneto de tungst\u00eanio est\u00e3o dispon\u00edveis com diferentes conte\u00fados e composi\u00e7\u00f5es de ligantes, como por exemplo: 30% Co or [&hellip;]<\/p>\n","protected":false},"author":1,"featured_media":0,"parent":2027,"menu_order":0,"comment_status":"closed","ping_status":"closed","template":"","meta":{"_acf_changed":false,"site-sidebar-layout":"no-sidebar","site-content-layout":"page-builder","ast-site-content-layout":"","site-content-style":"default","site-sidebar-style":"default","ast-global-header-display":"","ast-banner-title-visibility":"","ast-main-header-display":"","ast-hfb-above-header-display":"","ast-hfb-below-header-display":"","ast-hfb-mobile-header-display":"","site-post-title":"disabled","ast-breadcrumbs-content":"","ast-featured-img":"disabled","footer-sml-layout":"","theme-transparent-header-meta":"default","adv-header-id-meta":"","stick-header-meta":"","header-above-stick-meta":"","header-main-stick-meta":"","header-below-stick-meta":"","astra-migrate-meta-layouts":"default","ast-page-background-enabled":"default","ast-page-background-meta":{"desktop":{"background-color":"","background-image":"","background-repeat":"repeat","background-position":"center center","background-size":"auto","background-attachment":"scroll","background-type":"","background-media":"","overlay-type":"","overlay-color":"","overlay-gradient":""},"tablet":{"background-color":"","background-image":"","background-repeat":"repeat","background-position":"center center","background-size":"auto","background-attachment":"scroll","background-type":"","background-media":"","overlay-type":"","overlay-color":"","overlay-gradient":""},"mobile":{"background-color":"","background-image":"","background-repeat":"repeat","background-position":"center center","background-size":"auto","background-attachment":"scroll","background-type":"","background-media":"","overlay-type":"","overlay-color":"","overlay-gradient":""}},"ast-content-background-meta":{"desktop":{"background-color":"var(--ast-global-color-5)","background-image":"","background-repeat":"repeat","background-position":"center center","background-size":"auto","background-attachment":"scroll","background-type":"","background-media":"","overlay-type":"","overlay-color":"","overlay-gradient":""},"tablet":{"background-color":"var(--ast-global-color-5)","background-image":"","background-repeat":"repeat","background-position":"center center","background-size":"auto","background-attachment":"scroll","background-type":"","background-media":"","overlay-type":"","overlay-color":"","overlay-gradient":""},"mobile":{"background-color":"var(--ast-global-color-5)","background-image":"","background-repeat":"repeat","background-position":"center center","background-size":"auto","background-attachment":"scroll","background-type":"","background-media":"","overlay-type":"","overlay-color":"","overlay-gradient":""}},"footnotes":""},"class_list":["post-1310","page","type-page","status-publish","hentry"],"acf":[],"yoast_head":"<!-- This site is optimized with the Yoast SEO plugin v27.5 - https:\/\/yoast.com\/product\/yoast-seo-wordpress\/ -->\n<title>HYBRID CAST CARBIDE (HCC) - Kark GmbH<\/title>\n<meta name=\"robots\" content=\"index, follow, max-snippet:-1, max-image-preview:large, max-video-preview:-1\" \/>\n<link rel=\"canonical\" href=\"https:\/\/www.kark.de\/cms\/pt\/roll-mill-technology-3\/hybrid-cast-carbide-hcc\/\" \/>\n<meta property=\"og:locale\" content=\"de_DE\" \/>\n<meta property=\"og:type\" content=\"article\" \/>\n<meta property=\"og:title\" content=\"HYBRID CAST CARBIDE (HCC) - Kark GmbH\" \/>\n<meta property=\"og:description\" content=\"Hybrid Cast Carbide combina a alta resist\u00eancia ao desgaste de um anel de carboneto de tungst\u00eanio com a dureza de um corpo de a\u00e7o fundido ao seu redor. Adequado para os estandes Duo e Cantilever. An\u00e9is de carboneto de tungst\u00eanio est\u00e3o dispon\u00edveis com diferentes conte\u00fados e composi\u00e7\u00f5es de ligantes, como por exemplo: 30% Co or [&hellip;]\" \/>\n<meta property=\"og:url\" content=\"https:\/\/www.kark.de\/cms\/pt\/roll-mill-technology-3\/hybrid-cast-carbide-hcc\/\" \/>\n<meta property=\"og:site_name\" content=\"Kark GmbH\" \/>\n<meta property=\"article:modified_time\" content=\"2021-10-05T09:20:12+00:00\" \/>\n<meta name=\"twitter:card\" content=\"summary_large_image\" \/>\n<meta name=\"twitter:label1\" content=\"Gesch\u00e4tzte Lesezeit\" \/>\n\t<meta name=\"twitter:data1\" content=\"1\u00a0Minute\" \/>\n<script type=\"application\/ld+json\" class=\"yoast-schema-graph\">{\"@context\":\"https:\\\/\\\/schema.org\",\"@graph\":[{\"@type\":\"WebPage\",\"@id\":\"https:\\\/\\\/www.kark.de\\\/cms\\\/pt\\\/roll-mill-technology-3\\\/hybrid-cast-carbide-hcc\\\/\",\"url\":\"https:\\\/\\\/www.kark.de\\\/cms\\\/pt\\\/roll-mill-technology-3\\\/hybrid-cast-carbide-hcc\\\/\",\"name\":\"HYBRID CAST CARBIDE (HCC) - Kark GmbH\",\"isPartOf\":{\"@id\":\"https:\\\/\\\/www.kark.de\\\/cms\\\/#website\"},\"datePublished\":\"2020-12-10T16:11:51+00:00\",\"dateModified\":\"2021-10-05T09:20:12+00:00\",\"breadcrumb\":{\"@id\":\"https:\\\/\\\/www.kark.de\\\/cms\\\/pt\\\/roll-mill-technology-3\\\/hybrid-cast-carbide-hcc\\\/#breadcrumb\"},\"inLanguage\":\"de\",\"potentialAction\":[{\"@type\":\"ReadAction\",\"target\":[\"https:\\\/\\\/www.kark.de\\\/cms\\\/pt\\\/roll-mill-technology-3\\\/hybrid-cast-carbide-hcc\\\/\"]}]},{\"@type\":\"BreadcrumbList\",\"@id\":\"https:\\\/\\\/www.kark.de\\\/cms\\\/pt\\\/roll-mill-technology-3\\\/hybrid-cast-carbide-hcc\\\/#breadcrumb\",\"itemListElement\":[{\"@type\":\"ListItem\",\"position\":1,\"name\":\"Startseite\",\"item\":\"https:\\\/\\\/www.kark.de\\\/cms\\\/\"},{\"@type\":\"ListItem\",\"position\":2,\"name\":\"Roll Mill Technology\",\"item\":\"https:\\\/\\\/www.kark.de\\\/cms\\\/pt\\\/roll-mill-technology-3\\\/\"},{\"@type\":\"ListItem\",\"position\":3,\"name\":\"HYBRID CAST CARBIDE (HCC)\"}]},{\"@type\":\"WebSite\",\"@id\":\"https:\\\/\\\/www.kark.de\\\/cms\\\/#website\",\"url\":\"https:\\\/\\\/www.kark.de\\\/cms\\\/\",\"name\":\"Kark GmbH\",\"description\":\"Eine Website der Kark GmbH\",\"potentialAction\":[{\"@type\":\"SearchAction\",\"target\":{\"@type\":\"EntryPoint\",\"urlTemplate\":\"https:\\\/\\\/www.kark.de\\\/cms\\\/?s={search_term_string}\"},\"query-input\":{\"@type\":\"PropertyValueSpecification\",\"valueRequired\":true,\"valueName\":\"search_term_string\"}}],\"inLanguage\":\"de\"}]}<\/script>\n<!-- \/ Yoast SEO plugin. -->","yoast_head_json":{"title":"HYBRID CAST CARBIDE (HCC) - Kark GmbH","robots":{"index":"index","follow":"follow","max-snippet":"max-snippet:-1","max-image-preview":"max-image-preview:large","max-video-preview":"max-video-preview:-1"},"canonical":"https:\/\/www.kark.de\/cms\/pt\/roll-mill-technology-3\/hybrid-cast-carbide-hcc\/","og_locale":"de_DE","og_type":"article","og_title":"HYBRID CAST CARBIDE (HCC) - Kark GmbH","og_description":"Hybrid Cast Carbide combina a alta resist\u00eancia ao desgaste de um anel de carboneto de tungst\u00eanio com a dureza de um corpo de a\u00e7o fundido ao seu redor. Adequado para os estandes Duo e Cantilever. An\u00e9is de carboneto de tungst\u00eanio est\u00e3o dispon\u00edveis com diferentes conte\u00fados e composi\u00e7\u00f5es de ligantes, como por exemplo: 30% Co or [&hellip;]","og_url":"https:\/\/www.kark.de\/cms\/pt\/roll-mill-technology-3\/hybrid-cast-carbide-hcc\/","og_site_name":"Kark GmbH","article_modified_time":"2021-10-05T09:20:12+00:00","twitter_card":"summary_large_image","twitter_misc":{"Gesch\u00e4tzte Lesezeit":"1\u00a0Minute"},"schema":{"@context":"https:\/\/schema.org","@graph":[{"@type":"WebPage","@id":"https:\/\/www.kark.de\/cms\/pt\/roll-mill-technology-3\/hybrid-cast-carbide-hcc\/","url":"https:\/\/www.kark.de\/cms\/pt\/roll-mill-technology-3\/hybrid-cast-carbide-hcc\/","name":"HYBRID CAST CARBIDE (HCC) - Kark GmbH","isPartOf":{"@id":"https:\/\/www.kark.de\/cms\/#website"},"datePublished":"2020-12-10T16:11:51+00:00","dateModified":"2021-10-05T09:20:12+00:00","breadcrumb":{"@id":"https:\/\/www.kark.de\/cms\/pt\/roll-mill-technology-3\/hybrid-cast-carbide-hcc\/#breadcrumb"},"inLanguage":"de","potentialAction":[{"@type":"ReadAction","target":["https:\/\/www.kark.de\/cms\/pt\/roll-mill-technology-3\/hybrid-cast-carbide-hcc\/"]}]},{"@type":"BreadcrumbList","@id":"https:\/\/www.kark.de\/cms\/pt\/roll-mill-technology-3\/hybrid-cast-carbide-hcc\/#breadcrumb","itemListElement":[{"@type":"ListItem","position":1,"name":"Startseite","item":"https:\/\/www.kark.de\/cms\/"},{"@type":"ListItem","position":2,"name":"Roll Mill Technology","item":"https:\/\/www.kark.de\/cms\/pt\/roll-mill-technology-3\/"},{"@type":"ListItem","position":3,"name":"HYBRID CAST CARBIDE (HCC)"}]},{"@type":"WebSite","@id":"https:\/\/www.kark.de\/cms\/#website","url":"https:\/\/www.kark.de\/cms\/","name":"Kark GmbH","description":"Eine Website der Kark GmbH","potentialAction":[{"@type":"SearchAction","target":{"@type":"EntryPoint","urlTemplate":"https:\/\/www.kark.de\/cms\/?s={search_term_string}"},"query-input":{"@type":"PropertyValueSpecification","valueRequired":true,"valueName":"search_term_string"}}],"inLanguage":"de"}]}},"_links":{"self":[{"href":"https:\/\/www.kark.de\/cms\/wp-json\/wp\/v2\/pages\/1310","targetHints":{"allow":["GET"]}}],"collection":[{"href":"https:\/\/www.kark.de\/cms\/wp-json\/wp\/v2\/pages"}],"about":[{"href":"https:\/\/www.kark.de\/cms\/wp-json\/wp\/v2\/types\/page"}],"author":[{"embeddable":true,"href":"https:\/\/www.kark.de\/cms\/wp-json\/wp\/v2\/users\/1"}],"replies":[{"embeddable":true,"href":"https:\/\/www.kark.de\/cms\/wp-json\/wp\/v2\/comments?post=1310"}],"version-history":[{"count":11,"href":"https:\/\/www.kark.de\/cms\/wp-json\/wp\/v2\/pages\/1310\/revisions"}],"predecessor-version":[{"id":2041,"href":"https:\/\/www.kark.de\/cms\/wp-json\/wp\/v2\/pages\/1310\/revisions\/2041"}],"up":[{"embeddable":true,"href":"https:\/\/www.kark.de\/cms\/wp-json\/wp\/v2\/pages\/2027"}],"wp:attachment":[{"href":"https:\/\/www.kark.de\/cms\/wp-json\/wp\/v2\/media?parent=1310"}],"curies":[{"name":"wp","href":"https:\/\/api.w.org\/{rel}","templated":true}]}}